4*q + 10. What is d(h)?
-11
Let c = -124/19 - -267/38. Let m(h) be the first derivative of -h - c*h**2 + 1. Give m(-6).
5
Let b(v) be the third derivative of v**6/120 + 7*v**5/60 - 5*v**4/24 + 11*v**3/6 - 52*v**2 + 6*v. What is b(-8)?
-13
Let s(p) be the third derivative of -p**6/12 - p**5/60 + p**4/24 + 3*p**2 + 23. What is s(1)?
-10
Let q(p) = 6*p + 2 - 4 + 6*p - 19*p - 9*p. Give q(-3).
46
Let u(h) be the third derivative of 0 - 1/120*h**6 + 0*h + 1/3*h**3 - 1/24*h**4 + 1/12*h**5 + 8*h**2. What is u(4)?
14
Let l(k) = -2*k - 1. Let r be -1 + (-1)/((-3)/6). Let b(g) = 3*g**3 - 2*g + 1. Let m be b(r). Suppose 5*t = m*c - 10, -6*c + 2*c - 3*t = -20. What is l(c)?
-11
Suppose -11 = -7*h + 3. Suppose -3*l + l = -3*i - 12, 32 = 4*l - h*i. Suppose 0*c - l = 3*c. Let o(q) = q + 1. Determine o(c).
-2
Let h(j) = -j**3 + 11*j**2 + 12*j + 3. Suppose 9 = -3*v, -5*v - 2 = -q + 25. What is h(q)?
3
Let i(d) = -2*d - 4. Suppose -6*n + 11*n = h - 5, 5*h = -4*n + 25. Suppose n*x - 2*x = -24. Suppose 4*r - f + x = 0, r = -4*r + 5*f. Calculate i(r).
4
Let i(y) = 3 + 6 - 19 + 2 + 6 - y - 2*y**2. Determine i(3).
-23
Let a(z) = z**3 - 2*z**2 + 7*z + 9. Let t(i) = -i**3 + 2*i**2 - 6*i - 8. Let y(q) = 5*a(q) + 6*t(q). Suppose -9*c + 12*c = 9. Give y(c).
-15
Let k(z) = z + 12. Suppose -5*s = 25, -h = -3*s - s - 158. Let l = 132 - h. Calculate k(l).
6
Let m(x) = x**3 - 3*x**2 - 5*x - 2. Let b be 44/(-10) - (-2)/5. Let k(z) = -z**2 - 3*z + 4. Let c be k(b). Suppose 6*i - i - 20 = c. Calculate m(i).
-6
Let m(f) = f**2 + 6*f + 2. Suppose 0 = 4*d + 82 - 54. Give m(d).
9
Let q = -616 + 624. Let b(s) = s - 2. What is b(q)?
6
Let l = -51 - -8. Let i = -47 - l. Let r(j) = -6*j - 5. What is r(i)?
19
Let w(n) = -5*n + 3. Let y(m) = -3*m + 2. Let z(x) = -5*w(x) + 8*y(x). Suppose 4*i + k = -16, 4*k + 0 = -3*i - 25. Give z(i).
-2
Let b(f) be the second derivative of 0 - 4*f - 1/2*f**2 + 1/6*f**3. Calculate b(5).
4
Let i(j) = 17*j + 191. Let f be i(-11). Let c(q) be the third derivative of 1/20*q**5 + 1/12*q**f + 0*q - 1/120*q**6 + 5/6*q**3 + 0 + 7*q**2. Determine c(4).
-3
Let n(a) = -2208*a**2 + 1088*a**2 - 4*a - 5*a**3 + 1114*a**2 + 7 + 4*a**3. Let b = 8 + -13. Give n(b).
2
Suppose -15*h + 160 = h. Let n(d) = d - 6. Let c be n(h). Let l(q) = -q**3 + 5*q**2 + q - 1. Give l(c).
19
Let j = -2 - -7. Let o(y) = -5*y**3 - 4*y**3 + 8*y**3 + 2*y - 79 + 5*y**2 + 75. What is o(j)?
6
Let f be (-15)/6*-1*2. Let u(a) = a - 1. Let y(j) = -12*j + 12. Let s be 3*(((-16)/(-12))/(-4))/1. Let t(p) = s*y(p) - 15*u(p). Determine t(f).
-12
Let y(p) = p + 11. Let k be y(-6). Let c(x) = 10*x - 4. Let l(i) = -13*i + 5. Let b(q) = -5*c(q) - 4*l(q). What is b(k)?
10
Suppose 17 + 7 = 6*g. Suppose -5*m - 2*i + 40 = 0, -5*m + 2*i + 20 = -0*m. Suppose m = 5*h - g*h. Let w(x) = -x**3 + 6*x**2 + 5. Determine w(h).
5
Let d be 0 - -12 - 64/8. Let h(m) be the second derivative of 5/2*m**2 - 5/12*m**d + 0 + 8*m - 1/20*m**5 - 1/3*m**3. What is h(-4)?
-3
Let u(l) = -2*l. Suppose 0*o - 24 = 2*o. Let j = o - -11. What is u(j)?
2
Let h(u) = 4655*u - 4652*u - 9*u**2 + 7 - 8. Calculate h(1).
-7
Let c = -15 + 19. Let i(z) = -2*z**2 + 7*z - 2. Let y be i(c). Let j(f) = f**3 + 6*f**2 + 2*f + 6. Calculate j(y).
-6
Let f(m) = -m + 2*m + m**2 + m**3 - 5*m**2. Let j(g) = 9*g + 12. Let w be j(-1). Calculate f(w).
-6
Let i = -20 - -26. Suppose l - 2 = -2*s + 8, -s - 9 = -3*l. Suppose -i = l*p - 2*p. Let c(o) = -o**2 + 3. Calculate c(p).
-6
Let w(o) = -5*o + 5. Let h(t) = 8*t - 4. Let c(z) = 2*h(z) + 3*w(z). What is c(0)?
7
Suppose -9*m = -6*m + 2*y + 4, -3*y - 6 = m. Let f(p) = 3*p**2 - 2*p + 1. Let s be f(1). Let h(o) = m*o - s*o - 6 + 4 + 1. Determine h(-2).
3
Let o = -51 - -54. Suppose 0 = -o*t + 50 - 62. Let p(z) = -3*z + 4 - 3*z**2 - 3*z**2 + 5*z**2. Give p(t).
0
Let i(s) = 12 + 3*s - 6*s - 3*s - 6. Give i(4).
-18
Suppose 4*n - 34 - 54 = 0. Suppose 0 = -24*q + n*q + 2. Let i(g) = 2*g**2 + g. Give i(q).
3
Let y(p) = p + 7. Let c be y(-4). Let g(t) = t**3 + c - 3 - 2 - 3 + t. What is g(0)?
-5
Let c(v) = -v**2 - 2*v - 3. Let g(m) = -m. Let b(p) = -c(p) - 6*g(p). Determine b(-8).
3
Let g(n) be the third derivative of 3/2*n**3 - 3*n**2 + 0 + 1/24*n**4 + 0*n. Suppose -2*w = -0*w. Give g(w).
9
Suppose -4*a + 3*z = 5*z - 22, -17 = -3*a - z. Let w(g) = 9 + g - 3 + 3*g - a*g. Give w(4).
-2
Let o(w) = w**3 - 6*w**2 + w - 3. Let a(j) = j**2 + j - 150. Let d be a(-13). Give o(d).
3
Let u(i) = -i - 3. Suppose -3*x + 23 = -7. Suppose -14 = 4*p + 2*d - 56, -2*d = x. Suppose 4*z = -j + p, 5*z - 34 = 2*j - 8. Give u(j).
0
Let a(i) = -5*i + 1 + i + 3*i + 7*i - 2*i. Calculate a(7).
29
Let r be (-4 + 3)/((-1)/6). Let a(j) = r*j - 24 - 2*j - 5*j. What is a(0)?
-24
Let u(a) = 6*a**2 + 0*a + a**2 - 11*a. Let w(r) = 15*r**2 - 23*r - 1. Let j(p) = 13*u(p) - 6*w(p). Determine j(5).
6
Suppose 16*n - 13*n = 18. Let k(p) = -p**2 + p + 5. Calculate k(n).
-25
Suppose 2*u = -3*u - 70. Let p be 1/5 - u/5. Let a(q) = q**3 - 1 - 6*q**2 - q + 4 + 3*q**2. Calculate a(p).
0
Let z(p) = 2*p**3 + 2*p**2 - 2*p + 1. Let i(b) = 5*b**3 + 5*b**2 - 5*b + 3. Let f(w) = 3*i(w) - 7*z(w). Calculate f(0).
2
Let p(r) be the third derivative of -r**6/120 - 7*r**5/60 - r**4/24 + r**3/6 + 241*r**2. Calculate p(-4).
-43
Let s = 10 - 7. Let c(j) = 4*j - s*j - 2*j + 10. Determine c(0).
10
Let z(a) = -2*a**2 + 11*a - 3. Let c be z(5). Let j(g) = 4*g - c + 4 - g**2 + 2*g**2. What is j(-5)?
7
Let g(u) = u**2 + 17*u + 76. Let m be g(-9). Let z(q) = -q + 1. Calculate z(m).
-3
Let d(l) = -84 + 44 + 42 + l. What is d(-4)?
-2
Let f(q) = q**2 - 14*q - 9. Let m be f(15). Let r(i) be the second derivative of i**5/20 - 7*i**4/12 + 5*i**3/6 - 3*i**2 + 15*i. Give r(m).
-12
Let x(r) = -r + 3. Let d be ((-7)/(-5) - 1)*-10. Let l be x(d). Let s be ((-12)/14)/(-1)*l. Let f(a) = -2*a + 7. What is f(s)?
-5
Let j(d) be the third derivative of -d**6/12 + d**4/24 + d**3/6 - 8*d**2 - 2*d. What is j(-1)?
10
Suppose 8*k - 46 = -38. Let f(z) = -22*z**2 - z + 1. Give f(k).
-22
Suppose 16 = -7*m - 12. Let b = m + 4. Let f(j) = 4 + 2*j - 5 + b*j + j. Calculate f(-3).
-10
Let r(a) = a**3 + 13*a**2 + 12*a + 20. Let q(m) = 2*m**3 + 14*m**2 + 13*m + 22. Let x(l) = 2*q(l) - 3*r(l). Determine x(12).
8
Suppose -2*q = -2*b - 3*b - 1, 5*q = -10. Let x(s) = -s. Let u(t) = t**2 + 2*t + 6. Let d(i) = b*u(i) + 3*x(i). What is d(-4)?
-2
Suppose -v + 5*z = -54, 3*v + 1 = 3*z + 103. Let b = 39 - v. Let p(x) = -x + 11. Give p(b).
1
Let m(j) = -2*j**2 + 25*j + 20. Let n be m(13). Let c(t) = t**3 - 8*t**2 + 3*t - 10. Give c(n).
-38
Let y(m) = -m**2 + 17*m + 18. Let g be y(15). Suppose 7*l = -l + g. Let u(c) be the third derivative of -c**4/8 + 3*c**3/2 - c**2. What is u(l)?
-9
Suppose -2 = -u - f + 3, -f = -u + 1. Suppose q + 2*q = u. Let m(b) = -6*b - 5. Let h(z) = -2*z - 2. Let v(c) = -8*h(c) + 3*m(c). Give v(q).
-1
Let i(j) be the third derivative of 0 - 14*j**2 - 1/12*j**4 - 1/2*j**3 + 0*j + 1/60*j**5. Suppose 3 + 3 = 2*v + 2*o, 4*v - 4*o - 20 = 0. Give i(v).
5
Let u = 547 + -549. Let i(z) = -z**3 - 2*z**2 - 3*z - 3. Give i(u).
3
Let o(p) be the second derivative of -p**3/3 - p**2 + 51*p. What is o(5)?
-12
Let r(y) = 17*y + 19. Let a(x) = x**2 - 34*x - 39. Let g(l) = 2*a(l) + 5*r(l). What is g(-7)?
-4
Let p = 0 + 2. Let j = p - 0. Let d(l) be the second derivative of -l**5/20 + l**4/6 + l**3/3 - l**2/2 + 789*l - 1. What is d(j)?
3
Let j(d) = d**2 + 3*d - 12. Let q be j(3). Let a(f) be the third derivative of f**5/60 - f**4/4 + f**3/2 - 4*f**2. Calculate a(q).
3
Let c(w) = 5*w + 5. Let b be c(8). Suppose -5*x + b = -4*r, -4*x - 5 = -0*r + 5*r. Let d(m) = -m - 5. Determine d(r).
0
Let c(k) = -2*k**2 + 3*k + 3. Let r = 147 - 144. Calculate c(r).
-6
Let i(q) = -q**2 - q - 2. Let n(t) = -6*t**2 - 6*t - 11. Let m(x) = -5*i(x) + n(x). Determine m(-1).
-1
Let n(l) = -l + 3. Let k(z) = 2*z - 41. Let y(i) = k(i) + 4*n(i). Give y(-13).
-3
Let r(b) = 3*b**2 + 2 - 2*b**2 + 2*b**2 - 2*b**2 - 4*b. What is r(4)?
2
Let c(z) be the first derivative of -17*z**4/4 - z**3/3 - 144. Calculate c(1).
-18
Let j(k) be the third derivative of -k**6/360 - k**5/40 - k**4/24 - 41*k**3/6 + 37*k**2. Let w(m) be the first derivative of j(m). Give w(-4).
-5
Suppose -s = -4*f + 2*f + 13, -3 = s. Let n(i) = i - 9. What is n(f)?
-4
Let a(l) = -13 - 7 + 27 + l - 2.